True
Let r(o) = 3 - 52*o - 1 - 3. Let m(i) = -i**2 + 2*i - 2. Let x be m(1). Is r(x) a prime number?
False
Suppose -v + 4*x = 4*v - 20, -3*v - 1 = -5*x. Let b be 1 - 2 - (v - 9). Suppose b*t = -t + 419. Is t composite?
False
Let y be 1*(-3 + 2 + 6). Suppose 2*j - y = -3. Is (-4 + j)*655/(-15) composite?
False
Let l be (-1 - -6)*(-20)/4. Let q = l + 13. Is 4/q*-1347 - 4 composite?
True
Let r = 32 - 40. Let j(o) = 7*o**2 - 3 + o**3 - o + 5*o + 5*o**2. Is j(r) a composite number?
True
Suppose -4 = -5*g + 16. Suppose 4*c = -5*k + 471, 5*k + g*c + c - 475 = 0. Is k prime?
False
Let h(a) = 43*a**3 - 5*a**2 - 14*a + 5. Is h(4) prime?
True
Let c = -106 - -105. Is (-4)/(-3) - c/(-3) - -1284 a prime number?
False
Let g = 22 + -17. Suppose 3*m = 4*y - 3055, g*y = 2*m - 2049 + 5866. Suppose 0*r + y = r. Is r prime?
False
Let b(v) = -2*v - 8. Suppose 36*k - 18 = 39*k. Let c be b(k). Suppose 0*q - 5*q + 4*z + 275 = 0, 122 = 2*q - c*z. Is q a composite number?
True
Let n(a) = -14*a**3 + 2*a**2 - a - 2. Suppose 29*i - 36*i - 7 = 0. Is n(i) a composite number?
True
Is (766 - 32)*177/6 a composite number?
True
Suppose -342 = -2*w - w. Let g be 15/9*-3 + 6. Is w - (3 - (g + 3)) a composite number?
True
Let n(d) = 3*d**3 - 5*d**2 - d + 6. Let z be n(6). Let x = -29 + z. Is x composite?
False
Let c(o) = -3*o + 57. Let f be c(13). Is (-1 + f)/((-10)/(-430)) a prime number?
False
Suppose -3*z - z + 40 = -3*b, 3*b = -3*z + 9. Suppose -y = 3*n - z, -2*y + 5*y = n + 11. Is n/(((-6)/267)/(-2)) composite?
False
Suppose 0*c + 113 = -3*c + a, 3*a + 12 = 0. Let i be 6/(6 - 3) - c. Let h = -26 + i. Is h prime?
False
Let v(j) be the first derivative of -3*j**4/4 + j**3/3 + j**2/2 - j + 5. Let a be v(1). Is (-1)/a - 1562/(-4) prime?
False
Suppose 4*j = -4*z + 25348, -z = -5*j + 23447 + 8238. Is j composite?
False
Suppose -4*v + t + 77105 = 0, -v - 5*t = -7*t - 19271. Is v composite?
True
Let u(i) = 2*i**2 + 572. Let n be u(0). Suppose 2*v - 237 = a + n, a = 3*v - 813. Let q = 1132 + a. Is q composite?
False
Let j = 721 + 22. Is j a composite number?
False
Let j = 0 + -4. Is (-332)/j*6/6 a prime number?
True
Suppose 0 = -10*f - 13*f + 145153. Is f a prime number?
True
Let q = -17 + 21. Suppose -q*s - 4*d + 412 = 0, -d + 6*d = -3*s + 303. Let p = s + 9. Is p composite?
True
Is (-27)/(-54) + 2 + 22839/6 a prime number?
False
Let y(f) = f**3 + 16*f**2 - 17*f - 7. Let z be y(-17). Let n be (-51810)/(-154) - (-3)/z. Let a = 733 - n. Is a a prime number?
True
Suppose 4*c + c - 15 = 0. Suppose -2*b - 38 = -c*b. Is b*-26*(-3)/12 a prime number?
False
Suppose -q + 5*d + 1293 = d, 4*d + 6433 = 5*q. Let k = -764 + q. Is k a composite number?
False
Let j = 3534 - -57845. Is j a prime number?
True
Let d(p) = -p**3 + 13*p**2 - 11*p + 7. Let i be (-3 - 3)/(1 - 3). Let s be (-741)/(-65) - i/(-5). Is d(s) composite?
False
Is (-4 + (-195)/(-45))/(2/116502) a prime number?
True
Suppose 0 = o + 3, 5*f - o = -4*o + 21521. Suppose -f = -153*m + 151*m. Is m composite?
False
Is 43100/14 + 63/147 composite?
False
Let t(n) = -2*n**3 - n**2 - n - 1. Let b be t(-1). Suppose b = 3*d - 11. Suppose -3*a + 5*f + 1310 = -0*a, a - 425 = d*f. Is a a prime number?
False
Let z(g) = -11*g - 24. Let a be 238/21*(-3)/2. Is z(a) a prime number?
True
Suppose 0 = -3*z + 5*h + 18, 3*h = -4*z - 3 - 2. Suppose -q = -2*x - 14, 3*x + 4*q + 0 - z = 0. Let d(v) = 11*v**2 - 3*v + 3. Is d(x) prime?
True
Suppose 12*u - 137703 - 122709 = 0. Is u a prime number?
True
Suppose -3*x + 2093 = 2*j, 0*j + 1049 = j + 2*x. Is j a prime number?
True
Suppose -2*z + 16 = 3*t, -11 = -5*z - 5*t + 19. Suppose 0 = -3*m - o + 1603, z*m + m + 3*o = 1611. Is m prime?
False
Let b(c) = 4*c**3 - c**2. Let o be b(1). Suppose o*x = 455 + 1216. Is x a composite number?
False
Let r(o) be the third derivative of 7*o**6/120 + o**5/10 - 5*o**4/8 + 13*o**3/6 - 2*o**2. Is r(6) a prime number?
False
Suppose 0 = 11*q - 8392 - 3565. Is q a composite number?
False
Let y be 8/(-2)*(-403)/4. Suppose -6*j + 9*j - 2*a = y, 3*j - 409 = 5*a. Is j a prime number?
False
Let n be (-1*(2 + -1))/1. Let z = n - 1. Let q(o) = -59*o + 1. Is q(z) a prime number?
False
Let p = 14 - 16. Let q be (-2 + 1)/p*0. Suppose -1250 - 855 = -5*x - 5*k, -2*x + 3*k + 832 = q. Is x a composite number?
False
Let j be 2/8 + (-2993)/4. Let a(y) = 34*y + 33. Let w be a(-12). Let c = w - j. Is c prime?
True
Let v(j) be the second derivative of 461*j**3/6 + 8*j**2 + 24*j. Is v(3) a prime number?
True
Let v(g) = -931*g + 226. Is v(-3) composite?
False
Let r(i) = 16*i**2 + 10*i - 11. Let z be r(10). Suppose 4*k - z = -265. Let o = 123 + k. Is o a prime number?
True
Is ((-4)/(-8) - (-248898)/36)*3 prime?
True
Let z(r) = 2*r**2 + 4*r - 1. Let j be z(-3). Suppose m - j*n = -m + 470, 0 = 3*n - 12. Suppose m = 5*f - d, -3*d + 370 = 5*f + 125. Is f composite?
True
Let s(w) = -17*w**3 + 2*w**2 - 5*w - 3. Let k be (-126)/35 - (-6)/10. Is s(k) composite?
True
Let q(t) = 984*t - 7. Is q(2) composite?
True
Is 0 + 331550/8 - (-300)/(-400) prime?
True
Let b(h) = h**2 - h + 557 - 2*h + 4*h - 4*h. Is b(0) prime?
True
Let j be -6*(-10)/(-8)*6. Let m be 1 + 2 + j/9. Is 10/(1836/(-921) - m) prime?
False
Suppose -r + 4 = 3*m, 0 = -4*m - 0*r - 2*r + 2. Is 1042 - m*(-2)/6 a prime number?
False
Suppose -4*a = a - 60. Let g be (-11)/(-66) - (-10)/a. Is (g - 4/2) + 150 composite?
False
Is 4*(-104)/(-32) + 13584 composite?
False
Suppose 4*w + p = 11, 2 = -5*w - 5*p - 3. Suppose 23 = w*a + 3. Suppose -3*i = a*s - 41, 0 = -3*i + 2*i + 5*s - 13. Is i composite?
False
Suppose -3*v + 4*q + 2441 + 8326 = 0, -4*v + 14387 = 5*q. Is v composite?
False
Suppose 0 = 851*j - 861*j + 73550. Is j prime?
False
Let p(g) be the third derivative of -167*g**6/120 + g**5/30 - g**4/3 - 2*g**3/3 + 17*g**2. Is p(-3) prime?
True
Let k = 66211 - 37892. Is k prime?
True
Let c = 250 + 252. Suppose -16*d + c = -14*d. Is d a prime number?
True
Let x(o) = 5*o**2 + 3 + 0 + 9*o**3 - 156*o + 150*o. Is x(7) composite?
True
Suppose 25101 + 24519 = 4*q. Is q/65 - 5/(195/(-6)) composite?
False
Suppose -4*l - 6 = -l, 4*q + 2*l - 7020 = 0. Let r = q - 1125. Is r a prime number?
True
Let j(h) = -h**3 - 14*h**2 - 13*h + 8. Let x be j(-13). Let t = x + -5. Is (2/t)/((-4)/(-978)) a composite number?
False
Let r(f) = -1. Let k(u) = -41*u - 2. Let w be 1/((-2 - -3) + -2). Let h(v) = w*r(v) + k(v). Is h(-3) prime?
False
Suppose -15*o - 9 = 6. Suppose -3*s + 305 = -838. Is (1/(-3))/(o/s) prime?
True
Let i(m) = -m + 5. Let q be i(6). Let f be (-4)/((-1)/4*q). Is (-4)/f - 86/(-8) a prime number?
True
Is (-8 - -7)/((-1)/1367) - -4 a composite number?
True
Let t be ((-81)/(-6))/((-426)/428 - -1). Suppose 5*o = t - 634. Is o a prime number?
False
Suppose 0 = 4*q + 5*y - 2891, 2*y + 191 = q - 548. Suppose -13*g + 4198 = -q. Is g composite?
False
Let h = -108 - -60. Let v be 1/((-188)/h - 4). Is 3/(v/508)*-1 a prime number?
True
Suppose -3*j = w - 730 - 1142, 0 = 2*j - 2*w - 1240. Is j prime?
False
Suppose -9*x = -2*x - 3*x. Suppose x = 5*c - 1234 - 2181. Is c composite?
False
Suppose a - 14980 = 8*a. Is a/(-16)*(4 + 0) a composite number?
True
Let g(l) = 9*l**3 + 9*l**2 + 4. Let t(k) = 28*k**3 + 26*k**2 - k + 11. Let h(c) = -8*g(c) + 3*t(c). Is h(4) a composite number?
False
Suppose 0 = 4*k - 63 - 5. Is (-264 + 1)*(k - 18) a composite number?
False
Suppose 3*d - 4 = -4*y, y - d + 0 = 8. Is (82 - y - 3) + -1 a prime number?
False
Is (-2 - (-8805)/(-6))*28/(-14) prime?
True
Suppose -6 = -5*y - 1. Let j be 466/y*3/6. Suppose -v = -246 - j. Is v a composite number?
False
Let u = 17 + -5. Let k = u + -7. Suppose -3*z = -k*z + 542. Is z a composite number?
False
Let s(d) = 21*d**2 + 10*d + 25. Let j be s(-3). Let u = 6 - 4. Suppose -u*t + 6*t = j. Is t prime?
False
Let o = 489 - 91. Is o prime?
False
Suppose 0 = 4*y - 3*r - 38 + 4668, -3*y - 3483 = 3*r. Let w(p) = 325*p**3 + 1. Let c be w(-1). Let d = c - y. Is d a composite number?
True
Let g be (-25)/(-4) - 9/(-12). Suppose 0 = 3*t + 3*u + 9, -6*t = -3*t + 4*u + g. Is 6616/20 - 1/t prime?
True
Let q be 16930*(2 - 15/10). Suppose 0*t = 5*t - q. Is t prime?
True
Let h be 12261/13 + (-16)/104. Suppose -4*b + 1013 = -5*s, -25 = -4*b - 4*s + h. Suppose -y - 89 = -b. Is y a prime number?
False
Is (-8967)/(-5) - (-50)/(-125) a composit